-25 = -5*m - 0. Let l be (-3 + 6)*-1 + 10. Let s(b) = -4*b + 5. Let r(c) = -9*c + 11. Let y(n) = l*s(n) - 3*r(n). Determine y(m).
-3
Suppose -5*j + o + 0*o = 9, 3*j + 3*o = -9. Let q = 2 + j. Suppose 4*s - 8 + 0 = q. Let p(v) = v**3 - 2*v + 3. What is p(s)?
7
Let k(u) = -5*u**3 + 2*u**2 - 1. Let v be 2/(-11) - (-16)/88. Suppose v = 3*w + 4 - 7. Give k(w).
-4
Let r be (-2)/15 + (-18)/(-135). Let l(d) = r*d**2 + d**2 + 4 - 2*d**2 + d. Give l(-3).
-8
Let c be (-58)/(-18) - 2/9. Let b(q) = 3*q - 4*q**2 - 6 + 2 + c + 0*q**2 + 2*q**3. What is b(2)?
5
Suppose -o - 2*w - 52 = 3*o, 0 = o + 3*w + 13. Let m(i) = -i**2 - 13*i - 7. What is m(o)?
-7
Suppose 6*k - 13 = -1. Let o(t) = 3*t**2 - 2*t**k + 2 - 56*t + 62*t. Give o(-4).
-6
Let q(z) = -2*z**2 + 0*z**2 - 4 + 6*z**2 - 5*z**2 - 5*z. Determine q(-6).
-10
Let b(k) = 5*k + 36. Let r be b(-7). Let p be 23 - 27 - (1 - 5)/r. Let a(l) = l**2 + 28. Give a(p).
28
Let n = -15 + 29. Suppose 0 = -4*k + 10 + n. Let l(z) = 3*z + 1. Let u(h) = 4*h + 1. Let p(f) = -5*l(f) + 4*u(f). What is p(k)?
5
Let h be (2/(-2))/((-3)/9). Let r(v) = v**2. Let s(b) = 4*b**2 + 6*b + 2. Let d(i) = h*r(i) - s(i). Calculate d(-7).
-9
Let b(o) be the first derivative of 8*o**3 - o**2/2 - o - 152. What is b(-1)?
24
Let l(d) = -d**2 + 40 - 19 - 19 - 3*d. What is l(-5)?
-8
Let s(g) = -g**3 + 16*g**2 - 15*g + 6. Let r = -781 - -796. What is s(r)?
6
Let u(d) be the second derivative of d**6/18 - d**5/120 - 2*d**3/3 + 9*d. Let v(g) be the second derivative of u(g). Calculate v(1).
19
Let b(r) = 26 + 38 - 57 + r + 16. Calculate b(-20).
3
Let b(l) be the second derivative of 0 + 1/2*l**3 - 4*l - 1/12*l**4 - 2*l**2. Calculate b(4).
-8
Let s(k) be the first derivative of -13*k**6/360 - k**4/24 - 28*k**3/3 + 29. Let n(i) be the third derivative of s(i). Determine n(-1).
-14
Suppose -2*g = l - 5, 10*g - 5*g = 10. Let a be (3/2)/(l/(-2)). Let p(b) = b - 4. Determine p(a).
-7
Let h(k) = -16*k**2 - k. Suppose -32*o = -34 + 2. What is h(o)?
-17
Let i(k) = -k**3 - 4*k**2 - 3*k + 3. Let t be (10/(-40))/((-5)/(-60)). Give i(t).
3
Let m(n) be the third derivative of -5*n**5/12 - n**4/24 + n**3/6 - 29*n**2 + n. What is m(-1)?
-23
Let k = 6 - 4. Let a = -7 + 3. Let w(t) = 9*t - 3. Let j(i) = -8*i + 2. Let n(p) = a*w(p) - 5*j(p). What is n(k)?
10
Let d(g) = -g**3 - 5*g**2 - g + 1. Let j be (-4)/(2/(-16) - 0). Suppose c + 7*c = -j. Calculate d(c).
-11
Let q(v) = -11 + 4*v + 40 + 5*v - 10*v. Give q(24).
5
Suppose -924 = -q - 11*q. Let f(j) = -j + q - 36 + 0*j - 37. Calculate f(5).
-1
Let g(r) = 5*r**3 - r**2 + 5*r + 4. Let t(j) = 4*j**3 + 5*j + 5. Let z(a) = -3*g(a) + 4*t(a). Give z(-3).
-7
Let l(a) = 2*a**2 + 19*a - 9. Let o(p) = -p**2 - 6*p - 2. Let j(y) = -y + 2. Let i(f) = 3*j(f) + o(f). Let n(b) = 9*i(b) + 4*l(b). Determine n(-7).
-14
Suppose m - 2*y + y = 6, -3*m + 4*y = -22. Suppose -o - m = 2*c, -3*c - 5*o = c - 2. Let l(h) = -3*h + 1. Give l(c).
7
Let f(d) = d + 1. Let z be f(1). Let p(m) = -2*m**2. Determine p(z).
-8
Let j(q) = 4*q**2 - 116*q - 7. Let v be j(29). Let b(d) = -3*d**2 + 13*d + 12. Let h(a) = -4*a**2 + 14*a + 13. Let g(u) = 5*b(u) - 4*h(u). What is g(v)?
-6
Let y(i) be the second derivative of i**5/4 + i**4/12 - i**3/6 + i**2/2 - i. Suppose 0*v - 5 = -5*v. What is y(v)?
6
Let p = -20 + 22. Let z(k) = 3*k - 2 + 13 + 1 - 3*k**2 + 0. Let x(t) = t**2 - t - 6. Let r(h) = p*z(h) + 5*x(h). Determine r(0).
-6
Let f(o) = 15*o**3 - o**2 - o. Let p be (16/20)/(5/50). Let b = -2 - p. Let w be 6/(-4)*b/(-15). Calculate f(w).
-15
Let i = -4 - 0. Let j(q) be the third derivative of 0*q - 1/20*q**5 + 1/6*q**3 - 1/120*q**6 + 5*q**2 + 1/6*q**4 + 0. Give j(i).
1
Suppose 6*a + 6 = 8*a. Let u(p) = -6*p**2 - 3*p + 0*p**2 - 5*p**3 + 3*p**a + 3*p**3. What is u(6)?
-18
Suppose -700 = -8*i - 84. Let p(o) = -34*o + 1 + i*o - 37*o. Give p(1).
7
Let o(f) be the second derivative of -f**5/20 + 7*f**4/12 - f**3 + f**2/2 - 74*f. Calculate o(5).
21
Let q(k) = -3*k**3 - 6*k**2 + 13*k - 2. Let d = 3 + 2. Let p = 0 + 7. Let i(a) = 2*a**3 + 4*a**2 - 9*a + 1. Let h(f) = d*q(f) + p*i(f). Determine h(-3).
0
Let a(k) = k**2 + 6*k + 3. Suppose 27*u - 17*u = -80. Calculate a(u).
19
Suppose -2*p + 0*p + 2 = 0, 2*j + 5*p - 11 = 0. Let z(s) = 3*s**3 + s + 2 + 3*s**3 - j. Let v = -1363 + 1364. Give z(v).
6
Let f(s) = -13*s. Let p = 402 - 399. Calculate f(p).
-39
Let a be (-782)/368 + (1/8 - 0). Let m(x) = 2*x**3 + 2*x**2 + 2*x + 3. Give m(a).
-9
Let n(o) be the third derivative of -o**5/60 + o**4/6 - o**3/2 + 1964*o**2. Suppose -5*y = l - 16, 4*l + 2*y + y - 30 = 0. Give n(l).
-15
Let g = -354 - -358. Let l(n) = -n**3 + 3*n**2 + 2*n - 1. What is l(g)?
-9
Let o(t) = -4*t**3 + 6*t**2 - 9*t - 11. Let q(l) = l**3 - l**2 + l + 3. Let n(d) = -o(d) - 5*q(d). Determine n(-4).
28
Let l(u) be the first derivative of -5*u**2/2 + 6*u + 387. Give l(4).
-14
Let u(t) be the third derivative of t**6/120 - 7*t**5/20 + t**4/24 - 11*t**3/3 + 367*t**2. Determine u(21).
-1
Let h(g) be the third derivative of g**6/120 + g**5/12 + 7*g**4/24 + 5*g**3/3 + 73*g**2. Give h(-4).
-2
Suppose 0 = 21*m - 18*m - 6. Let v(a) = 7*a**3 - 32*a**2 + m - 6*a**3 + 35*a**2. Determine v(-3).
2
Let f(t) = 7*t**2 - 13*t - 1. Let h(v) = -v**2 + 2*v. Let n(g) = f(g) + 6*h(g). Determine n(-3).
11
Let j(t) = 6*t + 4. Let g(b) = 2*b + 1. Let v(p) = 8*g(p) - 3*j(p). Suppose -2*c + 25 - 15 = 0. Let w be c/2 - (-15)/30. What is v(w)?
-10
Let s(v) be the third derivative of v**5/60 - 5*v**4/24 - 13*v**3/6 - 67*v**2. Calculate s(9).
23
Suppose 0 = 4*v - 0*v. Let k(u) = v*u - u - u. Let c(h) = -4*h**2 - 17*h - 13. Let r be c(-3). Give k(r).
-4
Let z = 19 + -19. Suppose -2*t = -z*t + 4. Let i(d) be the third derivative of -d**5/20 + d**4/24 + d**3/6 + 2*d**2. Calculate i(t).
-13
Suppose 896*h - 899*h + 6 = 0. Let y(p) be the first derivative of 0*p + 2 - 1/2*p**2 + p**3 - 1/2*p**4. Give y(h).
-6
Suppose 0 = 3*z - 0*z. Let n(p) = p - 1. Let h(g) = -5*g - 297 + 297. Let m(x) = -h(x) - 4*n(x). Calculate m(z).
4
Let o(q) = -13*q**3 - 9*q**2 - 6*q - 11. Let b(d) = 28*d**3 + 19*d**2 + 13*d + 24. Let x(k) = 6*b(k) + 13*o(k). Give x(-2).
-3
Suppose 5*z + 9 - 74 = 0. Let w = z - 10. Suppose w + 27 = 5*k. Let c(v) = v - 4. Determine c(k).
2
Let n = 209 - 210. Let c(h) = 5*h**3 + 2*h**2 + h - 1. What is c(n)?
-5
Let y(u) be the second derivative of -2/3*u**3 + 0 - 7/2*u**2 + 7*u + 1/24*u**4. Let b(o) be the first derivative of y(o). What is b(3)?
-1
Let f(q) = -q**2 + 33*q - 88. Let h be f(30). Let i(o) = 3*o**3 - 2*o**2 + 3*o - 2. What is i(h)?
20
Let v(a) = -2*a**2 + a + 1. Let i(r) = 5*r**2 - 9*r - 2. Let u(l) = -i(l) - 3*v(l). What is u(-8)?
15
Let z(t) = t**2 - 2*t + 3. Let m be -9*(-3)/9 - (-2 - -5). Calculate z(m).
3
Let j(a) = a**3 - 15*a**2 + 13*a + 15. Let k be (308/33)/(4/6). What is j(k)?
1
Let l(j) = -j**3 - j + 1. Let s be l(0). Let b(t) = s + 1 + 2 - t - 6. Calculate b(4).
-6
Let a(i) be the second derivative of -i**3/6 + 3*i**2 + 14*i. Determine a(8).
-2
Let z(x) = x**3 - 4*x**2 - 4*x - 1. Let d = 580 - 576. What is z(d)?
-17
Let k(m) = -2*m**2 + 8 + 3*m**3 - 2*m**3 + 7*m**2 - 3*m. Suppose -12 = -4*u + 5*u. Let q be ((-27)/u)/(4/((-128)/12)). Determine k(q).
-10
Let a be ((-6)/18)/(2/(-36)). Let n(k) = 0*k - 8*k - 2 + a*k. Let p be -1 + -3 - (-2 - 0). Determine n(p).
2
Suppose -5*d = 10 - 5. Let z = -3 - d. Let x be z + 9/3 + -4. Let v(q) = -q**2 - 3*q + 4. Give v(x).
4
Let f(h) = h**2 - 5*h - 3. Suppose -5*u - 5*d - 20 = -3*u, -5*d = -u + 20. Suppose -4*b + 6 + 18 = u. Determine f(b).
3
Let r be 3/(3*-1)*6/(-12). Let a(y) be the first derivative of -1 - y - r*y**2. Calculate a(2).
-3
Let y(t) = -t**3 - 5*t**2 + 4*t - 3. Let j be -9 - ((3 - -1) + -7). Give y(j).
9
Let m(b) = b**2 + 25 - 21 + 8*b - 2*b. Determine m(-6).
4
Let j(t) = -8*t - 125. Let d be j(-16). Let n(g) = -2*g**2 + g + 3. Give n(d).
-12
Suppose -3*f - 4*w = -8, -4*w = 4*f - 2*f - 4. Let x(t) be the third derivative of t**6/120 - t**5/15 - 5*t**3/6 + 15*t**2 + 2. Give x(f).
-5
Let i(v) = -88*v + v**2 - 92*v + 263*v - 88*v. Determine i(5).
0
Suppose -1 + 11 = 5*j. Let i(x) = 3*x**3 - 6*x**2 + 322*x - 1 - 328*x - j*x**3. What is i(7)?
6
Let y(t) be the first derivative of -t**5/20 + 7*t**4/12 - 5*t**3/6 + t**2/2 - 41*t - 39. Let r(c) be the first derivative of y(c). G